 of 23046296?
0
What is the hundred thousands digit of 7636356064?
3
What is the hundred thousands digit of 762385745?
3
What is the tens digit of 155169176?
7
What is the billions digit of 3018540990?
3
What is the ten millions digit of 2494238838?
9
What is the hundred millions digit of 105346928?
1
What is the hundred millions digit of 404326558?
4
What is the thousands digit of 278248186?
8
What is the units digit of 370175287?
7
What is the tens digit of 30727352?
5
What is the hundred thousands digit of 42827878?
8
What is the hundred millions digit of 296795378?
2
What is the ten millions digit of 457454078?
5
What is the hundred thousands digit of 1548458?
5
What is the ten thousands digit of 60465666?
6
What is the ten millions digit of 5371048808?
7
What is the ten thousands digit of 142069247?
6
What is the units digit of 797739444?
4
What is the hundred thousands digit of 2463873714?
8
What is the tens digit of 1797474197?
9
What is the hundreds digit of 75496755?
7
What is the units digit of 211002623?
3
What is the units digit of 53001363?
3
What is the hundreds digit of 84981945?
9
What is the thousands digit of 42381034?
1
What is the units digit of 50744250?
0
What is the millions digit of 49900262?
9
What is the ten thousands digit of 761496998?
9
What is the millions digit of 4536987216?
6
What is the hundred millions digit of 1834620459?
8
What is the hundreds digit of 10359836?
8
What is the thousands digit of 559293164?
3
What is the millions digit of 114184695?
4
What is the hundreds digit of 16385298?
2
What is the thousands digit of 35000317?
0
What is the units digit of 95157178?
8
What is the hundred millions digit of 820362788?
8
What is the thousands digit of 2047491835?
1
What is the units digit of 2603932044?
4
What is the hundred thousands digit of 719660729?
6
What is the millions digit of 546587057?
6
What is the tens digit of 65920785?
8
What is the ten thousands digit of 619879746?
7
What is the millions digit of 1118119222?
8
What is the ten thousands digit of 176547581?
4
What is the units digit of 2199032542?
2
What is the ten thousands digit of 2816139860?
3
What is the ten millions digit of 4600600523?
0
What is the hundred thousands digit of 86084402?
0
What is the hundred thousands digit of 33184743?
1
What is the thousands digit of 48222222?
2
What is the hundred millions digit of 538539941?
5
What is the billions digit of 1407914853?
1
What is the units digit of 557332395?
5
What is the ten millions digit of 11146570?
1
What is the hundred millions digit of 4897733376?
8
What is the tens digit of 4723825596?
9
What is the hundred thousands digit of 816002901?
0
What is the thousands digit of 495678?
5
What is the units digit of 168223722?
2
What is the hundred thousands digit of 100955512?
9
What is the millions digit of 2491660?
2
What is the ten millions digit of 89337414?
8
What is the tens digit of 1084713058?
5
What is the thousands digit of 10124264?
4
What is the billions digit of 2424089752?
2
What is the hundreds digit of 31826298?
2
What is the ten millions digit of 1518091384?
1
What is the hundred millions digit of 316474004?
3
What is the tens digit of 5727708439?
3
What is the ten thousands digit of 721296242?
9
What is the ten thousands digit of 1415151350?
5
What is the units digit of 37067971?
1
What is the hundred millions digit of 1537619083?
5
What is the hundreds digit of 104940884?
8
What is the hundred millions digit of 263032422?
2
What is the hundred millions digit of 152529797?
1
What is the hundreds digit of 709208644?
6
What is the hundred millions digit of 5464656996?
4
What is the hundreds digit of 1054661009?
0
What is the hundred millions digit of 376530021?
3
What is the ten thousands digit of 676468000?
6
What is the units digit of 212673183?
3
What is the units digit of 164309460?
0
What is the hundreds digit of 796111565?
5
What is the ten millions digit of 16661554?
1
What is the units digit of 96377754?
4
What is the tens digit of 33801856?
5
What is the millions digit of 186761222?
6
What is the units digit of 5287512980?
0
What is the units digit of 1259792923?
3
What is the units digit of 3130508241?
1
What is the thousands digit of 51327404?
7
What is the thousands digit of 205029964?
9
What is the hundred thousands digit of 1803626620?
6
What is the hundred thousands digit of 625194150?
1
What is the thousands digit of 38826264?
6
What is the thousands digit of 760478862?
8
What is the tens digit of 73847281?
8
What is the thousands digit of 198875002?
5
What is the millions digit of 52358863?
2
What is the units digit of 5484511?
1
What is the millions digit of 583580838?
3
What is the ten millions digit of 12076704?
1
What is the tens digit of 13282886?
8
What is the thousands digit of 481755092?
5
What is the ten thousands digit of 5277456087?
5
What is the thousands digit of 4456003419?
3
What is the hundreds digit of 175054808?
8
What is the thousands digit of 77400801?
0
What is the millions digit of 45890952?
5
What is the units digit of 160886525?
5
What is the hundreds digit of 219673093?
0
What is the thousands digit of 53912523?
2
What is the ten millions digit of 284475411?
8
What is the units digit of 174327477?
7
What is the hundred thousands digit of 252933026?
9
What is the ten millions digit of 275644821?
7
What is the hundred thousands digit of 2202124931?
1
What is the tens digit of 4433080?
8
What is the ten thousands digit of 8338757?
3
What is the hundred millions digit of 1915646479?
9
What is the ten millions digit of 500377320?
0
What is the units digit of 2034188926?
6
What is the millions digit of 5875981886?
5
What is the hundred thousands digit of 141945218?
9
What is the hundred thousands digit of 695590208?
5
What is the hundred thousands digit of 4042571?
0
What is the ten millions digit of 59859477?
5
What is the ten thousands digit of 130503742?
0
What is the hundreds digit of 494026589?
5
What is the hundred millions digit of 785040628?
7
What is the hundred thousands digit of 6421668641?
6
What is the hundred thousands digit of 1440547758?
5
What is the ten thousands digit of 510615614?
1
What is the ten thousands digit of 932374122?
7
What is the thousands digit of 352821646?
1
What is the hundred millions digit of 177619033?
1
What is the ten millions digit of 2052503211?
5
What is the ten thousands digit of 19726095?
2
What is the tens digit of 52695578?
7
What is the hundred millions digit of 1727114959?
7
What is the ten thousands digit of 321284766?
8
What is the thousands digit of 86600574?
0
What is the ten thousands digit of 10459844?
5
What is the thousands digit of 126232193?
2
What is the ten thousands digit of 30788644?
8
What is the ten millions digit of 107243106?
0
What is the millions digit of 1527304559?
7
What is the units digit of 276402380?
0
What is the units digit of 444191016?
6
What is the hundred thousands digit of 31529609?
5
What is the tens digit of 550592513?
1
What is the hundreds digit of 162393348?
3
What is the millions digit of 787553474?
7
What is the millions digit of 52570041?
2
What is the ten millions digit of 146480696?
4
What is the units digit of 371467008?
8
What is the millions digit of 784768046?
4
What is the thousands digit of 37004931?
4
What is the thousands digit of 62882170?
2
What is the thousands digit of 6771884874?
4
What is the thousands digit of 24607551?
7
What is the ten thousands digit of 2428801170?
0
What is the hundreds digit of 1224731746?
7
What is the tens digit of 16843194?
9
What is the ten millions digit of 6377578923?
7
What is the ten millions digit of 23539036?
2
What is the hundred thousands digit of 96837934?
8
What is the units digit of 205361387?
7
What is the thousands digit of 134654722?
4
What is the hundred thousands digit of 669410903?
4
What is the thousands digit of 1196940303?
0
What is the hundreds digit of 379768662?
6
What is the ten thousands digit of 88998434?
9
What is the millions digit of 2413854114?
3
What is the hundred millions digit of 235958036?
2
What is the millions digit of 81318858?
1
What is the hundred thousands digit of 35439709?
4
What is the millions digit of 2105186?
2
What is the units digit of 175413104?
4
Wh